-5*m. Let v be (-2)/(7 + -6 - 177/178). Let x = v + 370. Calculate the remainder when m is divided by x.
12
Suppose 2065 = -10*k + 106*k - 47. Suppose t + 6 = c, 5*t = -2*c + 12 - 0. Calculate the remainder when k is divided by c.
4
Let v = -277 - -379. Suppose -5*k = -r - v + 15, 0 = -3*k - 5*r + 69. What is the remainder when 37 is divided by k?
1
Suppose 2*f = q + 5*f - 27, 87 = 5*q + 3*f. Suppose -20*c = -q*c - 85. What is the remainder when 254 is divided by c?
16
Let p = -746 + 971. Suppose -255 - p = -3*a. What is the remainder when a is divided by 37?
12
What is the remainder when -14 + 7/1 + 401 + 0 is divided by 110?
64
Let b = 18 - -233. What is the remainder when b is divided by (-3 - (0 - (-12)/(-3))) + 14?
11
Suppose -1024 + 2040 = 4*f. What is the remainder when 779 is divided by f?
17
Let y(p) = -p + 3. Let n = 22 + -30. What is the remainder when y(n) is divided by (10/25)/((-1)/(-5))?
1
Let t(b) = -b**2 - 4*b + 17. Let v be t(-7). Let y be 34 - (-2 - (0 + v)). Suppose -4*f + 0*f = -y. What is the remainder when f is divided by 5?
3
Let l(r) = 19*r + r**3 + 12*r - 30*r. What is the remainder when (-3)/9 + 316/12 is divided by l(2)?
6
Let i = 262 - 255. Suppose 3*y - 302 = o, 106 = y + i*o - 6*o. What is the remainder when y is divided by 12?
6
Suppose 0 = 2*v - v - 3*w - 29, -2*w - 122 = -3*v. Let j = -4 + 18. Calculate the remainder when j is divided by (-5)/(130/(-204)) + v/286.
6
Let t(g) = -g**2 + 132*g + 53. What is the remainder when 94 is divided by t(0)?
41
Suppose -21*f - 225 = -36*f. Suppose -6*y + 114 + 138 = 0. What is the remainder when y is divided by f?
12
Let o be 6/15 + 1593/(-45). What is the remainder when 4 + (3 + o/10)*-258 is divided by ((-4)/6)/(10/(-405))?
25
Let v(u) = u**2 + 90*u + 1985. What is the remainder when v(-99) is divided by 10?
6
Suppose -3*z = 4*q + 42, 2*q - 78 = 4*z - 0*q. Let t be (12/9)/((-4)/z). Calculate the remainder when 18 is divided by 58/t + (-11)/(-33).
8
Suppose -5*g - 482 = -4*a, 6*a + 107 = 7*a + g. What is the remainder when 355 is divided by a?
16
Let o(t) = 4*t**3 + 3*t**2 + 134*t - 649. What is the remainder when o(5) is divided by 23?
21
Suppose 0 = 4*l + 3*w + 12, 0 = -5*l - w - 4. Suppose l = -v + 22 - 16. What is the remainder when 25 is divided by v?
1
Let s(z) = -3*z - 57. Suppose 4*j - 3*y = 461, 2*j + 13*y = 14*y + 229. What is the remainder when j is divided by s(-22)?
5
Suppose 3*w - 4*o - 182 = -2*o, -4*w - 5*o + 281 = 0. Suppose -864 = -21*a - 27*a. Calculate the remainder when w is divided by a.
10
Suppose -18*z - 33 = -7*z. What is the remainder when (120/36)/(z/(-27)) is divided by 27?
3
Suppose 3156096 = -4923*k + 5051*k. Calculate the remainder when k is divided by 180.
177
Let h(y) = -30*y - 227. Suppose 4*a - 12 = -3*x, 2*a - 4*x - 24 = -x. Suppose 0 = -10*r + a*r + 296. What is the remainder when r is divided by h(-8)?
9
Suppose 5*i - 67 = -l + 44, -5*i + 109 = -l. Let n(r) = -31 + 53 + 29*r - 6*r - 25 - r**2. What is the remainder when 93 is divided by n(i)?
17
Let o(s) = 3*s. Let i be o(-3). Let y be i/(3/(-1)) + 68. Suppose -49 - y = -2*m. Calculate the remainder when m is divided by 21.
18
Let g be -45 - (3 + -2 - 2). Let s = 59 + g. Suppose -s*z - 6 = -17*z. What is the remainder when 10 is divided by z?
1
Suppose 36*s - 6209 + 4650 = 8125. Calculate the remainder when 1295 is divided by s.
219
Suppose 0 = j - 1, 2180*k - 2176*k = -3*j + 463. Calculate the remainder when 219 is divided by k.
104
Suppose 7*w + 78 = 9*w. Suppose 0 = -10*q + 329 - w. Calculate the remainder when 172 is divided by q.
27
Calculate the remainder when (19/(-57))/(5/(-15885)) is divided by 69.
24
Let n(w) = -418*w - 7. Let h be n(-1). Suppose 9*k - 24 + h = 0. Let a = 148 + k. Calculate the remainder when a is divided by 27.
24
Suppose -7221 = -8*h - 6237. Suppose 5*p - 52 = 53. Calculate the remainder when h is divided by p.
18
Suppose -16*n = -5*c - 11*n + 1050, 4*n = c - 192. What is the remainder when 6047 is divided by c?
215
Let m = 23 + -73. Let l = 81 + m. Let r = l + -17. Calculate the remainder when 41 is divided by r.
13
Suppose 5*f = u + 376, 94 + 206 = 4*f - u. Calculate the remainder when 833 is divided by f.
73
Let l(n) = 7*n**2 + 171 + 16*n**3 - 258 + 10*n - 17*n**3. What is the remainder when l(6) is divided by 3?
0
Suppose 8*s - 9*s = -296. Suppose -x - 158 = -0*t - 2*t, -4*t - 3*x + s = 0. Let y(b) = 39*b - 90. Calculate the remainder when t is divided by y(3).
23
Let g(n) = 16*n**2 - 3*n - 1. Let k be g(2). Suppose k = h + 5*i, -6*h - i = -10*h + 144. What is the remainder when 73 is divided by h?
36
Suppose 5*b + 5*w - 155 = 0, b - 41*w + 40*w = 35. Calculate the remainder when 425 is divided by b.
29
Suppose -14*u - 4*x - 558 = -16*u, 1290 = 5*u + 5*x. Let v(k) = -k**3 - 3*k**2 + 8*k + 9. Calculate the remainder when u is divided by v(-5).
18
Suppose 6*g + 229 = 331. Calculate the remainder when 1*-3 + (3 - 3) + 65 is divided by g.
11
Suppose 7048*q - 7050*q = -64. Calculate the remainder when 1087 is divided by q.
31
Let g be (-92)/161 - 1584/21. Let o be 2/(-6) + (-476)/(-6). Let k = o + g. Calculate the remainder when 5 is divided by k.
2
Suppose -2076 = -4*h + n, n + 7 = 3. Suppose 26*a - h = 12*a. Let b(p) = 3*p**2 - p - 4. Calculate the remainder when a is divided by b(3).
17
Let r(s) = 6*s**2 - 2*s + 0*s**2 + 13*s + 2 - 3*s**2. Suppose -3*m = 2*u - 59, -3*m + 99 = 2*m + 4*u. What is the remainder when r(5) is divided by m?
18
What is the remainder when -7*(384/(-1120))/((-6)/(-100)) is divided by 25?
15
Let n(z) = -24*z**2 + 11*z + 18. Let y be n(-4). Let g = 628 + y. Calculate the remainder when ((-5)/(-5))/(g/72 - 3) is divided by 8.
4
What is the remainder when 1584/(-252)*(-462)/6 is divided by 189?
106
Suppose 5*b + 900 = 5*x, -2*x + 0*b + 363 = -3*b. Suppose 7 = 2*o - 9. Suppose -o = -3*k + 127. What is the remainder when x is divided by k?
42
Suppose -5*q + 2522 = -3*q. Suppose s - q = -5*v, 2*v + 2*s = -s + 494. What is the remainder when v is divided by 32?
29
Let d be 1/(-3) + 55/3. Suppose -17*v = -d*v + 20. Suppose -21*i + v*i = -72. Calculate the remainder when i is divided by 15.
12
Suppose -93*a + 30771 = 24*a. What is the remainder when 548 is divided by a?
22
Let x(s) = -s**2 + 4*s - 2. Let r be x(-5). Let l = r - -84. Calculate the remainder when l is divided by (-2 - (-88)/32)/((-9)/(-156)).
11
Suppose -18 = 2*j - 60. Calculate the remainder when j is divided by (192/36)/(-16)*1*-51.
4
Let u = -315 - -581. Calculate the remainder when u is divided by 66.
2
Suppose g + 37 = 4*z, -4*g + 72 - 30 = 3*z. What is the remainder when 5668 is divided by z?
8
Let r = 2954 + -2614. What is the remainder when r is divided by 38?
36
Let x = 1369 + -1291. Calculate the remainder when 104 is divided by x.
26
Suppose -5*x - 3*m + 449 = -3*x, -5*m = 3*x - 670. What is the remainder when 4233 is divided by x?
3
Let p(z) = 24*z + 35. Let n be p(2). Let s = n + -12. Calculate the remainder when s is divided by 28.
15
Let p(w) = 5*w**2 - 6*w. Suppose -5*b = 2*q - 108, 5*q = 7*q - 4*b - 72. What is the remainder when p(-6) is divided by q?
40
Let v = -12931 - -13132. What is the remainder when 14268 is divided by v?
198
Suppose 6*z = 10*z - 100. Let l be (-40)/z*(-15)/(-6) - -28. Calculate the remainder when 42/(-8)*l/(-2) is divided by 22.
19
Let y = 130 - 67. Suppose 1786 - 1766 = 4*f - 5*l, 6*l = -2*f + 10. What is the remainder when y is divided by f?
3
Let c(p) = 2*p**2 - 22*p - 170. Let r be c(-6). Suppose r = -2*b + 58. What is the remainder when b is divided by 5?
2
Let f(s) = 233*s**2 - 3*s + 25. Let m(t) = t**2. Calculate the remainder when f(0) is divided by m(2).
1
Let f(j) = -100*j + 50. Let b(g) = -g**2 - 15*g + 5. Let h be b(7). Let z = -86 - h. What is the remainder when f(-2) is divided by z?
61
Suppose -5*z + 174 = 5*y - 1311, z + 4*y = 300. What is the remainder when 889 is divided by z?
1
Suppose -5*g - 5*g = -30. Suppose 3*l = l + 5*u + 33, g*l - 5*u - 52 = 0. Suppose 11 = t - l. Calculate the remainder when t is divided by 8.
6
Suppose -4*k + 615 = 5*x + 435, -5*x = -k + 70. Calculate the remainder when 3199 is divided by k.
49
Let k(p) = 20*p - 13. Let d be k(2). Suppose 0 = f - d - 10. Let h = -266 - -274. Calculate 